
29
List the prime factors of (3 - (-15)/(-12))*56.
2, 7
Let l = -11 + 13. Let k = 13 - l. What are the prime factors of k?
11
Let f = 70 - 49. Let z = -2 + 0. List the prime factors of z/(-7) + 330/f.
2
Let l = 1 + 1. Let p be l*3/2 + 29. Suppose -2*f = -2*z + p, 5*f - 40 = 2*z - 5*z. What are the prime factors of z?
3, 5
Suppose 0 = 4*c - k, -2*c - c - k = 0. Suppose c*s + 24 = 2*s. List the prime factors of s.
2, 3
Suppose 2*w - 2 - 62 = 0. What are the prime factors of w?
2
Let s(y) = y**2 + 2*y - 5. Suppose x - 3*x + 5*u = -6, 3*x - 3*u = 27. Suppose -n + 3*c + 0*c = x, 29 = -5*n + 3*c. What are the prime factors of s(n)?
3
Suppose -5 + 45 = 4*l. Let g be 2 - (3 + -4)*l. List the prime factors of 5/(-2*(-3)/g).
2, 5
Suppose -g + 4*g = 48. Suppose g = -6*s + 2*s, 2*r + 4*s - 20 = 0. List the prime factors of r.
2, 3
Let k = -34 + 57. List the prime factors of k.
23
List the prime factors of (3043/(-17))/((-5)/2 + 2).
2, 179
Let w(a) = a**3 + 8*a**2 + 4*a + 1. List the prime factors of w(-3).
2, 17
Let k = 5 + -1. Suppose -p = -k*p + 45. List the prime factors of p.
3, 5
Let z = 58 - 38. What are the prime factors of z?
2, 5
Suppose 0 = -12*q + 15*q - 348. What are the prime factors of q?
2, 29
List the prime factors of 2/4 - 1/(4/(-766)).
2, 3
Let j(x) = -x**3 - x**2 - x - 10. Let i be j(0). List the prime factors of (-4)/(-2) - i - -2.
2, 7
Let o(w) = 8*w**2 + 0*w**2 + 0*w**2. Let l = 2 + -3. List the prime factors of o(l).
2
Let b(k) = -k - 2. Let o be b(5). Suppose -6 = 4*z - 3*z - 4*g, 0 = -g + 5. Let h = o + z. List the prime factors of h.
7
Suppose 0*h - 4*h = 12, a - 12 = 5*h. Let r be (-19)/(-2 + (-2 - a)). Let b = 33 - r. List the prime factors of b.
2, 7
What are the prime factors of (-2)/4 - (-90)/4?
2, 11
Let x be 75/27 - (-4)/18. Suppose x = 3*d - 3. List the prime factors of d.
2
List the prime factors of (168/(-40))/((-1)/5).
3, 7
Let l(u) = 10*u - 18. Let x(f) = -5*f + 9. Let g(p) = -3*l(p) - 5*x(p). List the prime factors of g(-8).
7
Let p(g) = -3*g**3 - g**2 - 4*g + 2*g**3 - 3*g**2 - 2. Suppose 2*i = 5*i + 12. List the prime factors of p(i).
2, 7
Suppose 0 = 4*k + 3*n - 12, 4*k - 16 = 4*n - 6*n. What are the prime factors of k?
2, 3
Let l(w) = 2*w**2 + 4*w - 10. List the prime factors of l(8).
2, 3, 5
Let s(z) = z**3 + 14*z**2 + 13*z. Let t be s(-13). Suppose -11 = 3*a + 4*i - 0*i, 2*a + 5*i + 19 = t. What are the prime factors of a?
3
Let t = 4 + 14. Suppose t = 5*o + h, -3*o + o + h = -3. Suppose -s + 11 = -o. What are the prime factors of s?
2, 7
Let d = -15 + 24. Let f = -3 + d. What are the prime factors of f?
2, 3
Let n(v) = 11*v**3 - v**2 + 2*v - 1. Let u be n(1). Let z be u/2*4 + -2. Suppose 5*o - z = o. List the prime factors of o.
5
Suppose -447 = 15*u - 18*u. List the prime factors of u.
149
Let b(f) = -4*f - 7 + f**3 - 5*f**2 + 1 - f. Let p be b(6). Suppose 5*a = -3*q + 22, -4*q - a + 35 = -p*a. List the prime factors of q.
3
Let v = 113 - 78. What are the prime factors of v?
5, 7
Suppose -p - 2*p = 12. Let o be (-10)/2*(-8)/(-10) - 8. Let z = p - o. What are the prime factors of z?
2
Let i be (-6)/(-33) + 70/(-22). Let a be 2*i*(-1)/2. What are the prime factors of (-27)/(-4) - a/(-12)?
7
Let v(y) = -y + 10. Suppose -3*s - 40 = -3*k + 23, 2*k - 35 = -5*s. Let t be 3/2*k/6. List the prime factors of v(t).
5
Suppose 0*n - 24 = -2*n. Suppose n = 4*f - 8. Suppose -4*a + 21 = f*l, 5*a - 3*a = -2*l + 10. What are the prime factors of a?
2
Let p be 0/3 + (-3 - 31). Let l = -11 - p. What are the prime factors of l?
23
Let d(n) = n**2 + 7*n. Suppose -3*a - 2 = -5*u, -6*a - 3*u = -2*a + 22. Let s = a + -4. List the prime factors of d(s).
2
Let x(m) = -5*m**2 + 6*m - 4. Let p(s) = 11*s**2 - 13*s + 8. Let v(l) = 6*p(l) + 13*x(l). List the prime factors of v(3).
5
Let v = 158 - 125. What are the prime factors of v?
3, 11
Suppose -4*m + 4*k = -12, 0*m - 2*k + 19 = 3*m. Let l = m - 2. Let v = l + 0. List the prime factors of v.
3
Let g(w) = 0 + w**2 - 2*w + w + 2. Let n be g(2). Suppose -5*s + 10 = -n*q, -2*s - 5*q = -0*s - 37. What are the prime factors of s?
2, 3
Let w(h) = -h**2 - h + 10. Let z be w(0). List the prime factors of (-2)/5 + 304/z.
2, 3, 5
Let g be (-6)/(-2*(-1)/(-6)). Let q = 42 - g. Suppose 3*c - q = -c + 4*o, c - 1 = -4*o. List the prime factors of c.
5
Suppose 1252 + 1212 = 11*p. List the prime factors of p.
2, 7
Let o = -15 + 51. Suppose -2*z + 4*k + 32 = -k, 3*k + o = 4*z. List the prime factors of z.
2, 3
Suppose 7*w - 10*w = -6. Suppose 0 = -3*r - 5*t + 87, 5*r - 5*t - 117 = w*r. Suppose -5*h + 41 = -r. List the prime factors of h.
3, 5
Let k = 3 + -18. Let b = 2 - 32. Let m = k - b. List the prime factors of m.
3, 5
Let r(o) = o**2 - 3*o - 17. List the prime factors of r(8).
23
Let k(d) = 27*d - 15. Let b(v) = -7*v + 4. Let t(h) = -15*b(h) - 4*k(h). Let n be t(-1). Suppose -9 = -n*f + 15. What are the prime factors of f?
2
What are the prime factors of 54/(22/44*(-2)/(-7))?
2, 3, 7
Let s(n) = -4*n + 5. Let t be s(-16). Let a = t - 40. List the prime factors of a.
29
Let n(g) = g**3 + 5*g**2 - 8*g - 8. Let b be n(-6). Suppose -b*p - 20 = 0, j - 6 = -p - 3*p. Let z = j - 13. List the prime factors of z.
13
List the prime factors of (9/(18/(-8)) + 5)*155.
5, 31
Let x(f) = f**2 + 1 - 1 - 4 + 16*f. List the prime factors of x(-17).
13
Let s be (6/(-21))/(2/14). Suppose -3*l - 2*h + h = -1, -2*h = l - 7. What are the prime factors of 3 + l*(0 + s)?
5
What are the prime factors of 3*3/9 - -33?
2, 17
Let n = -88 + 157. What are the prime factors of n?
3, 23
Suppose -a - 2 + 51 = 0. List the prime factors of a.
7
Let c = 3 + -5. Let m be -36 - (-2 - -4) - c. What are the prime factors of m/(-10) + (-2)/(-5)?
2
Let t(l) = l - 70 + 63 + 4*l**2 - 2*l**2. What are the prime factors of t(-3)?
2
Suppose 4*b + 36 = 224. What are the prime factors of b?
47
Let w(v) be the third derivative of v**5/60 - 5*v**4/24 + v**3/2 - v**2. What are the prime factors of w(5)?
3
Let r(z) be the third derivative of z**5/60 - z**4/8 - z**3/6 - 4*z**2. List the prime factors of r(4).
3
Let t(n) = 3*n - 2. What are the prime factors of t(4)?
2, 5
Suppose -c = 2*d - 234, -5*d + 3*c + 140 + 456 = 0. What are the prime factors of d?
2, 59
Suppose 0 = -8*i + 7*i + 28. Suppose q = 3*q - i. List the prime factors of q.
2, 7
Suppose 5*a = -2*c - 105, 0*c + 5*c - 25 = 0. Let h = a + 38. List the prime factors of h.
3, 5
Suppose -3*j = -5*m - 187, -5*m - 485 = -5*j - 180. List the prime factors of j.
59
Let q be (-4)/(-10) - (-48)/5. Let d = q + -2. List the prime factors of d.
2
Suppose 3*m - 2*m = 28. List the prime factors of m.
2, 7
Let h(n) = n - 1. Let f be h(-4). Let w be (-8)/2 - (-4)/2. List the prime factors of w/1*(-1 + f).
2, 3
Suppose 60 = -2*s + 214. List the prime factors of s.
7, 11
Let i = 10 + 27. List the prime factors of i.
37
Let f = 22 - 8. Let h = 26 - f. List the prime factors of h.
2, 3
Suppose 3*l = -0 - 9, -h + l + 109 = 0. What are the prime factors of h?
2, 53
Let j(s) = -s**2 - 9*s + 10. What are the prime factors of j(-7)?
2, 3
Let l(h) = h**3 - 8*h**2 - h + 5. Let m be l(8). Let b(q) = q**3 + 4*q**2 + 3. What are the prime factors of b(m)?
2, 3
Suppose -2*m + 53 - 1 = 3*j, 2*m = -4*j + 66. Let f(z) = -z**2 + 5*z + 6. Let n be f(5). Suppose -n*q = -4*q - 4*k - j, 4*k = 0. List the prime factors of q.
7
Let z be -70 - (-3 - (0 - 0)). List the prime factors of z/(-5) - (-16)/(-40).
13
Let l(d) = d**3 - 6*d**2 - d + 6. Let b be l(6). Let c be (b - 4)*(-6)/4. List the prime factors of 28/c - (-1)/3.
5
Let u(q) = -6*q**2 + 3*q + 5. Let h(j) = -7*j**2 + 4*j + 6. Let x(l) = 4*h(l) - 5*u(l). Let v be x(4). Suppose -4*a - a = -v. What are the prime factors of a?
7
Let g(m) = m**2 - 10*m + 15. What are the prime factors of g(17)?
2, 67
Let b(v) = 14*v + 0*v + 21*v + 0 - 2. What are the prime factors of b(1)?
3, 11
Let s(i) = -i**3 - 2*i**2 - 2*i - 1. Let a be s(-2). Suppose -a*m = m - 64. What are the prime factors of m?
2
Let j = 1 - 5. Let z = j + 4. List the prime factors of 9 - (-1 - (-3 + z)).
7
Suppose 9*m - 7*m = 66. What are the prime factors of m?
3, 11
Suppose -3*c + 64 = 2*f, c + c - 56 = -4*f. What are the prime factors of c?
2, 3
Let f(k) = k**3 - k**2 - k + 1. Let n(b) = -4*b**3 + 12*b**2 + 9*b - 10. Le